{"id":333,"date":"2026-04-07T21:03:11","date_gmt":"2026-04-07T20:03:11","guid":{"rendered":"https:\/\/st-vincent-sport.fr\/home\/?page_id=333"},"modified":"2026-04-07T21:18:20","modified_gmt":"2026-04-07T20:18:20","slug":"140-ans","status":"publish","type":"page","link":"https:\/\/st-vincent-sport.fr\/home\/140-ans\/","title":{"rendered":"140 Ans"},"content":{"rendered":"<p>\u00c0 l\u2019occasion de ses <strong data-start=\"97\" data-end=\"108\">140 ans<\/strong>, l\u2019association Saint Vincent Sports et Culture a le plaisir de vous inviter le dimanche 21 juin 2026 \u00e0 11h \u00e0 c\u00e9l\u00e9brer cet anniversaire exceptionnel plac\u00e9 sous le signe du partage, de la culture, du sport et de la convivialit\u00e9. Venez d\u00e9couvrir l\u2019histoire de l\u2019association, rencontrer ses membres actuels et anciens, participer aux animations et profiter d\u2019un moment festif ouvert \u00e0 tous. Que vous soyez adh\u00e9rent, ancien membre, partenaire ou simplement curieux, rejoignez-nous pour c\u00e9l\u00e9brer ensemble 140 ann\u00e9es d\u2019engagement, de passion et de vie associative. <strong data-start=\"602\" data-end=\"650\">Entr\u00e9e gratuite sur inscription<\/strong> obligatoire en cliquant sur le lien <a href=\"https:\/\/www.helloasso.com\/associations\/st-vincent-sports-et-culture\/evenements\/140-ans-de-st-vincent-sports-et-culture?utm_source=app_ha&amp;utm_campaign=share_campaign_button&amp;utm_medium=android\">HelloAsso<\/a>.<\/p>\n\n\n<figure class=\"wp-block-image size-full\"><a href=\"https:\/\/st-vincent-sport.fr\/home\/wp-content\/uploads\/2026\/04\/140ans.png\"><img loading=\"lazy\" decoding=\"async\" width=\"525\" height=\"743\" src=\"https:\/\/st-vincent-sport.fr\/home\/wp-content\/uploads\/2026\/04\/140ans.png\" alt=\"\" class=\"wp-image-347\" srcset=\"https:\/\/st-vincent-sport.fr\/home\/wp-content\/uploads\/2026\/04\/140ans.png 525w, https:\/\/st-vincent-sport.fr\/home\/wp-content\/uploads\/2026\/04\/140ans-212x300.png 212w\" sizes=\"auto, (max-width: 525px) 100vw, 525px\" \/><\/a><\/figure>\n","protected":false},"excerpt":{"rendered":"<p>\u00c0 l\u2019occasion de ses 140 ans, l\u2019association Saint Vincent Sports et Culture a le plaisir de vous inviter le dimanche 21 juin 2026 \u00e0 11h \u00e0 c\u00e9l\u00e9brer cet anniversaire exceptionnel plac\u00e9 sous le signe du partage, de la culture, du sport et de la convivialit\u00e9. Venez d\u00e9couvrir l\u2019histoire de l\u2019association, rencontrer ses membres actuels et [&hellip;]<\/p>\n","protected":false},"author":1,"featured_media":0,"parent":0,"menu_order":0,"comment_status":"closed","ping_status":"closed","template":"","meta":{"footnotes":""},"class_list":["post-333","page","type-page","status-publish","hentry","post"],"yoast_head":"<!-- This site is optimized with the Yoast SEO plugin v23.3 - https:\/\/yoast.com\/wordpress\/plugins\/seo\/ -->\n<title>140 Ans - Saint Vincent Sports et Culture f\u00eate ses 140 ans<\/title>\n<meta name=\"robots\" content=\"index, follow, max-snippet:-1, max-image-preview:large, max-video-preview:-1\" \/>\n<link rel=\"canonical\" href=\"https:\/\/st-vincent-sport.fr\/home\/140-ans\/\" \/>\n<meta property=\"og:locale\" content=\"fr_FR\" \/>\n<meta property=\"og:type\" content=\"article\" \/>\n<meta property=\"og:title\" content=\"140 Ans - Saint Vincent Sports et Culture f\u00eate ses 140 ans\" \/>\n<meta property=\"og:description\" content=\"\u00c0 l\u2019occasion de ses 140 ans, l\u2019association Saint Vincent Sports et Culture a le plaisir de vous inviter le dimanche 21 juin 2026 \u00e0 11h \u00e0 c\u00e9l\u00e9brer cet anniversaire exceptionnel plac\u00e9 sous le signe du partage, de la culture, du sport et de la convivialit\u00e9. Venez d\u00e9couvrir l\u2019histoire de l\u2019association, rencontrer ses membres actuels et [&hellip;]\" \/>\n<meta property=\"og:url\" content=\"https:\/\/st-vincent-sport.fr\/home\/140-ans\/\" \/>\n<meta property=\"og:site_name\" content=\"Saint Vincent Sports et Culture f\u00eate ses 140 ans\" \/>\n<meta property=\"article:modified_time\" content=\"2026-04-07T20:18:20+00:00\" \/>\n<meta property=\"og:image\" content=\"https:\/\/st-vincent-sport.fr\/home\/wp-content\/uploads\/2026\/04\/140ans.png\" \/>\n<meta name=\"twitter:label1\" content=\"Dur\u00e9e de lecture estim\u00e9e\" \/>\n\t<meta name=\"twitter:data1\" content=\"1 minute\" \/>\n<script type=\"application\/ld+json\" class=\"yoast-schema-graph\">{\"@context\":\"https:\/\/schema.org\",\"@graph\":[{\"@type\":\"WebPage\",\"@id\":\"https:\/\/st-vincent-sport.fr\/home\/140-ans\/\",\"url\":\"https:\/\/st-vincent-sport.fr\/home\/140-ans\/\",\"name\":\"140 Ans - Saint Vincent Sports et Culture f\u00eate ses 140 ans\",\"isPartOf\":{\"@id\":\"https:\/\/st-vincent-sport.fr\/home\/#website\"},\"primaryImageOfPage\":{\"@id\":\"https:\/\/st-vincent-sport.fr\/home\/140-ans\/#primaryimage\"},\"image\":{\"@id\":\"https:\/\/st-vincent-sport.fr\/home\/140-ans\/#primaryimage\"},\"thumbnailUrl\":\"https:\/\/st-vincent-sport.fr\/home\/wp-content\/uploads\/2026\/04\/140ans.png\",\"datePublished\":\"2026-04-07T20:03:11+00:00\",\"dateModified\":\"2026-04-07T20:18:20+00:00\",\"inLanguage\":\"fr-FR\",\"potentialAction\":[{\"@type\":\"ReadAction\",\"target\":[\"https:\/\/st-vincent-sport.fr\/home\/140-ans\/\"]}]},{\"@type\":\"ImageObject\",\"inLanguage\":\"fr-FR\",\"@id\":\"https:\/\/st-vincent-sport.fr\/home\/140-ans\/#primaryimage\",\"url\":\"https:\/\/st-vincent-sport.fr\/home\/wp-content\/uploads\/2026\/04\/140ans.png\",\"contentUrl\":\"https:\/\/st-vincent-sport.fr\/home\/wp-content\/uploads\/2026\/04\/140ans.png\",\"width\":525,\"height\":743},{\"@type\":\"WebSite\",\"@id\":\"https:\/\/st-vincent-sport.fr\/home\/#website\",\"url\":\"https:\/\/st-vincent-sport.fr\/home\/\",\"name\":\"Saint Vincent Sports et Culture f\u00eate ses 140 ans\",\"description\":\"\",\"publisher\":{\"@id\":\"https:\/\/st-vincent-sport.fr\/home\/#organization\"},\"potentialAction\":[{\"@type\":\"SearchAction\",\"target\":{\"@type\":\"EntryPoint\",\"urlTemplate\":\"https:\/\/st-vincent-sport.fr\/home\/?s={search_term_string}\"},\"query-input\":\"required name=search_term_string\"}],\"inLanguage\":\"fr-FR\"},{\"@type\":\"Organization\",\"@id\":\"https:\/\/st-vincent-sport.fr\/home\/#organization\",\"name\":\"Saint Vincent Sports et Culture f\u00eate ses 140 ans\",\"url\":\"https:\/\/st-vincent-sport.fr\/home\/\",\"logo\":{\"@type\":\"ImageObject\",\"inLanguage\":\"fr-FR\",\"@id\":\"https:\/\/st-vincent-sport.fr\/home\/#\/schema\/logo\/image\/\",\"url\":\"https:\/\/st-vincent-sport.fr\/home\/wp-content\/uploads\/2023\/06\/cropped-LOGO-SVSC.png\",\"contentUrl\":\"https:\/\/st-vincent-sport.fr\/home\/wp-content\/uploads\/2023\/06\/cropped-LOGO-SVSC.png\",\"width\":136,\"height\":136,\"caption\":\"Saint Vincent Sports et Culture f\u00eate ses 140 ans\"},\"image\":{\"@id\":\"https:\/\/st-vincent-sport.fr\/home\/#\/schema\/logo\/image\/\"}}]}<\/script>\n<!-- \/ Yoast SEO plugin. -->","yoast_head_json":{"title":"140 Ans - Saint Vincent Sports et Culture f\u00eate ses 140 ans","robots":{"index":"index","follow":"follow","max-snippet":"max-snippet:-1","max-image-preview":"max-image-preview:large","max-video-preview":"max-video-preview:-1"},"canonical":"https:\/\/st-vincent-sport.fr\/home\/140-ans\/","og_locale":"fr_FR","og_type":"article","og_title":"140 Ans - Saint Vincent Sports et Culture f\u00eate ses 140 ans","og_description":"\u00c0 l\u2019occasion de ses 140 ans, l\u2019association Saint Vincent Sports et Culture a le plaisir de vous inviter le dimanche 21 juin 2026 \u00e0 11h \u00e0 c\u00e9l\u00e9brer cet anniversaire exceptionnel plac\u00e9 sous le signe du partage, de la culture, du sport et de la convivialit\u00e9. Venez d\u00e9couvrir l\u2019histoire de l\u2019association, rencontrer ses membres actuels et [&hellip;]","og_url":"https:\/\/st-vincent-sport.fr\/home\/140-ans\/","og_site_name":"Saint Vincent Sports et Culture f\u00eate ses 140 ans","article_modified_time":"2026-04-07T20:18:20+00:00","og_image":[{"url":"https:\/\/st-vincent-sport.fr\/home\/wp-content\/uploads\/2026\/04\/140ans.png"}],"twitter_misc":{"Dur\u00e9e de lecture estim\u00e9e":"1 minute"},"schema":{"@context":"https:\/\/schema.org","@graph":[{"@type":"WebPage","@id":"https:\/\/st-vincent-sport.fr\/home\/140-ans\/","url":"https:\/\/st-vincent-sport.fr\/home\/140-ans\/","name":"140 Ans - Saint Vincent Sports et Culture f\u00eate ses 140 ans","isPartOf":{"@id":"https:\/\/st-vincent-sport.fr\/home\/#website"},"primaryImageOfPage":{"@id":"https:\/\/st-vincent-sport.fr\/home\/140-ans\/#primaryimage"},"image":{"@id":"https:\/\/st-vincent-sport.fr\/home\/140-ans\/#primaryimage"},"thumbnailUrl":"https:\/\/st-vincent-sport.fr\/home\/wp-content\/uploads\/2026\/04\/140ans.png","datePublished":"2026-04-07T20:03:11+00:00","dateModified":"2026-04-07T20:18:20+00:00","inLanguage":"fr-FR","potentialAction":[{"@type":"ReadAction","target":["https:\/\/st-vincent-sport.fr\/home\/140-ans\/"]}]},{"@type":"ImageObject","inLanguage":"fr-FR","@id":"https:\/\/st-vincent-sport.fr\/home\/140-ans\/#primaryimage","url":"https:\/\/st-vincent-sport.fr\/home\/wp-content\/uploads\/2026\/04\/140ans.png","contentUrl":"https:\/\/st-vincent-sport.fr\/home\/wp-content\/uploads\/2026\/04\/140ans.png","width":525,"height":743},{"@type":"WebSite","@id":"https:\/\/st-vincent-sport.fr\/home\/#website","url":"https:\/\/st-vincent-sport.fr\/home\/","name":"Saint Vincent Sports et Culture f\u00eate ses 140 ans","description":"","publisher":{"@id":"https:\/\/st-vincent-sport.fr\/home\/#organization"},"potentialAction":[{"@type":"SearchAction","target":{"@type":"EntryPoint","urlTemplate":"https:\/\/st-vincent-sport.fr\/home\/?s={search_term_string}"},"query-input":"required name=search_term_string"}],"inLanguage":"fr-FR"},{"@type":"Organization","@id":"https:\/\/st-vincent-sport.fr\/home\/#organization","name":"Saint Vincent Sports et Culture f\u00eate ses 140 ans","url":"https:\/\/st-vincent-sport.fr\/home\/","logo":{"@type":"ImageObject","inLanguage":"fr-FR","@id":"https:\/\/st-vincent-sport.fr\/home\/#\/schema\/logo\/image\/","url":"https:\/\/st-vincent-sport.fr\/home\/wp-content\/uploads\/2023\/06\/cropped-LOGO-SVSC.png","contentUrl":"https:\/\/st-vincent-sport.fr\/home\/wp-content\/uploads\/2023\/06\/cropped-LOGO-SVSC.png","width":136,"height":136,"caption":"Saint Vincent Sports et Culture f\u00eate ses 140 ans"},"image":{"@id":"https:\/\/st-vincent-sport.fr\/home\/#\/schema\/logo\/image\/"}}]}},"_links":{"self":[{"href":"https:\/\/st-vincent-sport.fr\/home\/wp-json\/wp\/v2\/pages\/333","targetHints":{"allow":["GET"]}}],"collection":[{"href":"https:\/\/st-vincent-sport.fr\/home\/wp-json\/wp\/v2\/pages"}],"about":[{"href":"https:\/\/st-vincent-sport.fr\/home\/wp-json\/wp\/v2\/types\/page"}],"author":[{"embeddable":true,"href":"https:\/\/st-vincent-sport.fr\/home\/wp-json\/wp\/v2\/users\/1"}],"replies":[{"embeddable":true,"href":"https:\/\/st-vincent-sport.fr\/home\/wp-json\/wp\/v2\/comments?post=333"}],"version-history":[{"count":7,"href":"https:\/\/st-vincent-sport.fr\/home\/wp-json\/wp\/v2\/pages\/333\/revisions"}],"predecessor-version":[{"id":348,"href":"https:\/\/st-vincent-sport.fr\/home\/wp-json\/wp\/v2\/pages\/333\/revisions\/348"}],"wp:attachment":[{"href":"https:\/\/st-vincent-sport.fr\/home\/wp-json\/wp\/v2\/media?parent=333"}],"curies":[{"name":"wp","href":"https:\/\/api.w.org\/{rel}","templated":true}]}}

<p>À l’occasion de ses <strong data-start="97" data-end="108">140 ans</strong>, l’association Saint Vincent Sports et Culture a le plaisir de vous inviter le dimanche 21 juin 2026 à 11h à célébrer cet anniversaire exceptionnel placé sous le signe du partage, de la culture, du sport et de la convivialité. Venez découvrir l’histoire de l’association, rencontrer ses membres actuels et anciens, participer aux animations et profiter d’un moment festif ouvert à tous. Que vous soyez adhérent, ancien membre, partenaire ou simplement curieux, rejoignez-nous pour célébrer ensemble 140 années d’engagement, de passion et de vie associative. <strong data-start="602" data-end="650">Entrée gratuite sur inscription</strong> obligatoire en cliquant sur le lien <a href="https://www.helloasso.com/associations/st-vincent-sports-et-culture/evenements/140-ans-de-st-vincent-sports-et-culture?utm_source=app_ha&amp;utm_campaign=share_campaign_button&amp;utm_medium=android">HelloAsso</a>.</p>


<figure class="wp-block-image size-full"><a href="https://st-vincent-sport.fr/home/wp-content/uploads/2026/04/140ans.png"><img loading="lazy" decoding="async" width="525" height="743" src="https://st-vincent-sport.fr/home/wp-content/uploads/2026/04/140ans.png" alt="" class="wp-image-347" srcset="https://st-vincent-sport.fr/home/wp-content/uploads/2026/04/140ans.png 525w, https://st-vincent-sport.fr/home/wp-content/uploads/2026/04/140ans-212x300.png 212w" sizes="auto, (max-width: 525px) 100vw, 525px" /></a></figure>

<p>À l’occasion de ses 140 ans, l’association Saint Vincent Sports et Culture a le plaisir de vous inviter le dimanche 21 juin 2026 à 11h à célébrer cet anniversaire exceptionnel placé sous le signe du partage, de la culture, du sport et de la convivialité. Venez découvrir l’histoire de l’association, rencontrer ses membres actuels et [&hellip;]</p>

<!-- This site is optimized with the Yoast SEO plugin v23.3 - https://yoast.com/wordpress/plugins/seo/ -->
<title>140 Ans - Saint Vincent Sports et Culture fête ses 140 ans</title>
<meta name="robots" content="index, follow, max-snippet:-1, max-image-preview:large, max-video-preview:-1" />
<link rel="canonical" href="https://st-vincent-sport.fr/home/140-ans/" />
<meta property="og:locale" content="fr_FR" />
<meta property="og:type" content="article" />
<meta property="og:title" content="140 Ans - Saint Vincent Sports et Culture fête ses 140 ans" />
<meta property="og:description" content="À l’occasion de ses 140 ans, l’association Saint Vincent Sports et Culture a le plaisir de vous inviter le dimanche 21 juin 2026 à 11h à célébrer cet anniversaire exceptionnel placé sous le signe du partage, de la culture, du sport et de la convivialité. Venez découvrir l’histoire de l’association, rencontrer ses membres actuels et [&hellip;]" />
<meta property="og:url" content="https://st-vincent-sport.fr/home/140-ans/" />
<meta property="og:site_name" content="Saint Vincent Sports et Culture fête ses 140 ans" />
<meta property="article:modified_time" content="2026-04-07T20:18:20+00:00" />
<meta property="og:image" content="https://st-vincent-sport.fr/home/wp-content/uploads/2026/04/140ans.png" />
<meta name="twitter:label1" content="Durée de lecture estimée" />
	<meta name="twitter:data1" content="1 minute" />
<script type="application/ld+json" class="yoast-schema-graph">{"@context":"https://schema.org","@graph":[{"@type":"WebPage","@id":"https://st-vincent-sport.fr/home/140-ans/","url":"https://st-vincent-sport.fr/home/140-ans/","name":"140 Ans - Saint Vincent Sports et Culture fête ses 140 ans","isPartOf":{"@id":"https://st-vincent-sport.fr/home/#website"},"primaryImageOfPage":{"@id":"https://st-vincent-sport.fr/home/140-ans/#primaryimage"},"image":{"@id":"https://st-vincent-sport.fr/home/140-ans/#primaryimage"},"thumbnailUrl":"https://st-vincent-sport.fr/home/wp-content/uploads/2026/04/140ans.png","datePublished":"2026-04-07T20:03:11+00:00","dateModified":"2026-04-07T20:18:20+00:00","inLanguage":"fr-FR","potentialAction":[{"@type":"ReadAction","target":["https://st-vincent-sport.fr/home/140-ans/"]}]},{"@type":"ImageObject","inLanguage":"fr-FR","@id":"https://st-vincent-sport.fr/home/140-ans/#primaryimage","url":"https://st-vincent-sport.fr/home/wp-content/uploads/2026/04/140ans.png","contentUrl":"https://st-vincent-sport.fr/home/wp-content/uploads/2026/04/140ans.png","width":525,"height":743},{"@type":"WebSite","@id":"https://st-vincent-sport.fr/home/#website","url":"https://st-vincent-sport.fr/home/","name":"Saint Vincent Sports et Culture fête ses 140 ans","description":"","publisher":{"@id":"https://st-vincent-sport.fr/home/#organization"},"potentialAction":[{"@type":"SearchAction","target":{"@type":"EntryPoint","urlTemplate":"https://st-vincent-sport.fr/home/?s={search_term_string}"},"query-input":"required name=search_term_string"}],"inLanguage":"fr-FR"},{"@type":"Organization","@id":"https://st-vincent-sport.fr/home/#organization","name":"Saint Vincent Sports et Culture fête ses 140 ans","url":"https://st-vincent-sport.fr/home/","logo":{"@type":"ImageObject","inLanguage":"fr-FR","@id":"https://st-vincent-sport.fr/home/#/schema/logo/image/","url":"https://st-vincent-sport.fr/home/wp-content/uploads/2023/06/cropped-LOGO-SVSC.png","contentUrl":"https://st-vincent-sport.fr/home/wp-content/uploads/2023/06/cropped-LOGO-SVSC.png","width":136,"height":136,"caption":"Saint Vincent Sports et Culture fête ses 140 ans"},"image":{"@id":"https://st-vincent-sport.fr/home/#/schema/logo/image/"}}]}</script>
<!-- / Yoast SEO plugin. -->

140 Ans - Saint Vincent Sports et Culture fête ses 140 ans

À l’occasion de ses 140 ans, l’association Saint Vincent Sports et Culture a le plaisir de vous inviter le dimanche 21 juin 2026 à 11h à célébrer cet anniversaire exceptionnel placé sous le signe du partage, de la culture, du sport et de la convivialité. Venez découvrir l’histoire de l’association, rencontrer ses membres actuels et [&hellip;]

Saint Vincent Sports et Culture fête ses 140 ans
