{"id":198,"date":"2023-06-29T12:52:55","date_gmt":"2023-06-29T11:52:55","guid":{"rendered":"https:\/\/st-vincent-sport.fr\/home\/?page_id=198"},"modified":"2023-07-06T21:34:00","modified_gmt":"2023-07-06T20:34:00","slug":"devenez-juge","status":"publish","type":"page","link":"https:\/\/st-vincent-sport.fr\/home\/devenez-juge\/","title":{"rendered":"Devenez juge !"},"content":{"rendered":"<h5>L&rsquo;association a besoin de juge<\/h5>\n<p>Devenir juge, c\u2019est permettre aux gymnastes de SVSC de concourir aux comp\u00e9titions de gymnastiques.<br \/>\nPour une comp\u00e9tition, il faut un juge pour 5 gymnastes engag\u00e9es.<\/p>\n<p>Pas de juge&#8230; Pas de comp\u00e9tition&#8230; Frustration pour nos gymnastes&#8230;<\/p>\n<p>Les gymnastes comptent sur vous.<\/p>\n<p>Il n\u2019y a rien de compliqu\u00e9, pas besoin de s&rsquo;y connaitre en gym. Une premi\u00e8re rencontre vous sera propos\u00e9e en d\u00e9but de saison pour vous expliquer plus en d\u00e9tail le r\u00f4le d\u2019un juge et pour r\u00e9pondre \u00e0 vos questions. Ensuite vous pourrez suivre une formation et effectuer une 1\u00e8re comp\u00e9tition \u00e0 blanc \u00e9paul\u00e9 par des juges exp\u00e9riment\u00e9s. Nous vous indiquerons en d\u00e9but de saison la date retenue.<\/p>\n<p>Si vous n\u2019\u00eates pas disponibles, nous pourrons nous rencontrer \u00e0 un autre moment.<\/p>\n<p><strong>Nous avons besoin de vous pour juger !<\/strong> C\u2019est une exp\u00e9rience appr\u00e9ci\u00e9e de tous !<\/p>\n<p>Merci d&rsquo;avance pour votre aide.<\/p>\n<p>Contact : Anne-C\u00e9cile COUTON-COUDRAY \/ 06 73 81 24 40<\/p>\n","protected":false},"excerpt":{"rendered":"<p>L&rsquo;association a besoin de juge Devenir juge, c\u2019est permettre aux gymnastes de SVSC de concourir aux comp\u00e9titions de gymnastiques. Pour une comp\u00e9tition, il faut un juge pour 5 gymnastes engag\u00e9es. Pas de juge&#8230; Pas de comp\u00e9tition&#8230; Frustration pour nos gymnastes&#8230; Les gymnastes comptent sur vous. Il n\u2019y a rien de compliqu\u00e9, pas besoin de s&rsquo;y [&hellip;]<\/p>\n","protected":false},"author":1,"featured_media":0,"parent":0,"menu_order":0,"comment_status":"closed","ping_status":"closed","template":"","meta":{"footnotes":""},"class_list":["post-198","page","type-page","status-publish","hentry","post"],"yoast_head":"<!-- This site is optimized with the Yoast SEO plugin v23.3 - https:\/\/yoast.com\/wordpress\/plugins\/seo\/ -->\n<title>Devenez juge ! - Saint Vincent Sports et Culture f\u00eate ses 140 ans<\/title>\n<meta name=\"robots\" content=\"index, follow, max-snippet:-1, max-image-preview:large, max-video-preview:-1\" \/>\n<link rel=\"canonical\" href=\"https:\/\/st-vincent-sport.fr\/home\/devenez-juge\/\" \/>\n<meta property=\"og:locale\" content=\"fr_FR\" \/>\n<meta property=\"og:type\" content=\"article\" \/>\n<meta property=\"og:title\" content=\"Devenez juge ! - Saint Vincent Sports et Culture f\u00eate ses 140 ans\" \/>\n<meta property=\"og:description\" content=\"L&rsquo;association a besoin de juge Devenir juge, c\u2019est permettre aux gymnastes de SVSC de concourir aux comp\u00e9titions de gymnastiques. Pour une comp\u00e9tition, il faut un juge pour 5 gymnastes engag\u00e9es. Pas de juge&#8230; Pas de comp\u00e9tition&#8230; Frustration pour nos gymnastes&#8230; Les gymnastes comptent sur vous. Il n\u2019y a rien de compliqu\u00e9, pas besoin de s&rsquo;y [&hellip;]\" \/>\n<meta property=\"og:url\" content=\"https:\/\/st-vincent-sport.fr\/home\/devenez-juge\/\" \/>\n<meta property=\"og:site_name\" content=\"Saint Vincent Sports et Culture f\u00eate ses 140 ans\" \/>\n<meta property=\"article:modified_time\" content=\"2023-07-06T20:34:00+00:00\" \/>\n<script type=\"application\/ld+json\" class=\"yoast-schema-graph\">{\"@context\":\"https:\/\/schema.org\",\"@graph\":[{\"@type\":\"WebPage\",\"@id\":\"https:\/\/st-vincent-sport.fr\/home\/devenez-juge\/\",\"url\":\"https:\/\/st-vincent-sport.fr\/home\/devenez-juge\/\",\"name\":\"Devenez juge ! - Saint Vincent Sports et Culture f\u00eate ses 140 ans\",\"isPartOf\":{\"@id\":\"https:\/\/st-vincent-sport.fr\/home\/#website\"},\"datePublished\":\"2023-06-29T11:52:55+00:00\",\"dateModified\":\"2023-07-06T20:34:00+00:00\",\"inLanguage\":\"fr-FR\",\"potentialAction\":[{\"@type\":\"ReadAction\",\"target\":[\"https:\/\/st-vincent-sport.fr\/home\/devenez-juge\/\"]}]},{\"@type\":\"WebSite\",\"@id\":\"https:\/\/st-vincent-sport.fr\/home\/#website\",\"url\":\"https:\/\/st-vincent-sport.fr\/home\/\",\"name\":\"Saint Vincent Sports et Culture f\u00eate ses 140 ans\",\"description\":\"\",\"publisher\":{\"@id\":\"https:\/\/st-vincent-sport.fr\/home\/#organization\"},\"potentialAction\":[{\"@type\":\"SearchAction\",\"target\":{\"@type\":\"EntryPoint\",\"urlTemplate\":\"https:\/\/st-vincent-sport.fr\/home\/?s={search_term_string}\"},\"query-input\":\"required name=search_term_string\"}],\"inLanguage\":\"fr-FR\"},{\"@type\":\"Organization\",\"@id\":\"https:\/\/st-vincent-sport.fr\/home\/#organization\",\"name\":\"Saint Vincent Sports et Culture f\u00eate ses 140 ans\",\"url\":\"https:\/\/st-vincent-sport.fr\/home\/\",\"logo\":{\"@type\":\"ImageObject\",\"inLanguage\":\"fr-FR\",\"@id\":\"https:\/\/st-vincent-sport.fr\/home\/#\/schema\/logo\/image\/\",\"url\":\"https:\/\/st-vincent-sport.fr\/home\/wp-content\/uploads\/2023\/06\/cropped-LOGO-SVSC.png\",\"contentUrl\":\"https:\/\/st-vincent-sport.fr\/home\/wp-content\/uploads\/2023\/06\/cropped-LOGO-SVSC.png\",\"width\":136,\"height\":136,\"caption\":\"Saint Vincent Sports et Culture f\u00eate ses 140 ans\"},\"image\":{\"@id\":\"https:\/\/st-vincent-sport.fr\/home\/#\/schema\/logo\/image\/\"}}]}<\/script>\n<!-- \/ Yoast SEO plugin. -->","yoast_head_json":{"title":"Devenez juge ! - Saint Vincent Sports et Culture f\u00eate ses 140 ans","robots":{"index":"index","follow":"follow","max-snippet":"max-snippet:-1","max-image-preview":"max-image-preview:large","max-video-preview":"max-video-preview:-1"},"canonical":"https:\/\/st-vincent-sport.fr\/home\/devenez-juge\/","og_locale":"fr_FR","og_type":"article","og_title":"Devenez juge ! - Saint Vincent Sports et Culture f\u00eate ses 140 ans","og_description":"L&rsquo;association a besoin de juge Devenir juge, c\u2019est permettre aux gymnastes de SVSC de concourir aux comp\u00e9titions de gymnastiques. Pour une comp\u00e9tition, il faut un juge pour 5 gymnastes engag\u00e9es. Pas de juge&#8230; Pas de comp\u00e9tition&#8230; Frustration pour nos gymnastes&#8230; Les gymnastes comptent sur vous. Il n\u2019y a rien de compliqu\u00e9, pas besoin de s&rsquo;y [&hellip;]","og_url":"https:\/\/st-vincent-sport.fr\/home\/devenez-juge\/","og_site_name":"Saint Vincent Sports et Culture f\u00eate ses 140 ans","article_modified_time":"2023-07-06T20:34:00+00:00","schema":{"@context":"https:\/\/schema.org","@graph":[{"@type":"WebPage","@id":"https:\/\/st-vincent-sport.fr\/home\/devenez-juge\/","url":"https:\/\/st-vincent-sport.fr\/home\/devenez-juge\/","name":"Devenez juge ! - Saint Vincent Sports et Culture f\u00eate ses 140 ans","isPartOf":{"@id":"https:\/\/st-vincent-sport.fr\/home\/#website"},"datePublished":"2023-06-29T11:52:55+00:00","dateModified":"2023-07-06T20:34:00+00:00","inLanguage":"fr-FR","potentialAction":[{"@type":"ReadAction","target":["https:\/\/st-vincent-sport.fr\/home\/devenez-juge\/"]}]},{"@type":"WebSite","@id":"https:\/\/st-vincent-sport.fr\/home\/#website","url":"https:\/\/st-vincent-sport.fr\/home\/","name":"Saint Vincent Sports et Culture f\u00eate ses 140 ans","description":"","publisher":{"@id":"https:\/\/st-vincent-sport.fr\/home\/#organization"},"potentialAction":[{"@type":"SearchAction","target":{"@type":"EntryPoint","urlTemplate":"https:\/\/st-vincent-sport.fr\/home\/?s={search_term_string}"},"query-input":"required name=search_term_string"}],"inLanguage":"fr-FR"},{"@type":"Organization","@id":"https:\/\/st-vincent-sport.fr\/home\/#organization","name":"Saint Vincent Sports et Culture f\u00eate ses 140 ans","url":"https:\/\/st-vincent-sport.fr\/home\/","logo":{"@type":"ImageObject","inLanguage":"fr-FR","@id":"https:\/\/st-vincent-sport.fr\/home\/#\/schema\/logo\/image\/","url":"https:\/\/st-vincent-sport.fr\/home\/wp-content\/uploads\/2023\/06\/cropped-LOGO-SVSC.png","contentUrl":"https:\/\/st-vincent-sport.fr\/home\/wp-content\/uploads\/2023\/06\/cropped-LOGO-SVSC.png","width":136,"height":136,"caption":"Saint Vincent Sports et Culture f\u00eate ses 140 ans"},"image":{"@id":"https:\/\/st-vincent-sport.fr\/home\/#\/schema\/logo\/image\/"}}]}},"_links":{"self":[{"href":"https:\/\/st-vincent-sport.fr\/home\/wp-json\/wp\/v2\/pages\/198","targetHints":{"allow":["GET"]}}],"collection":[{"href":"https:\/\/st-vincent-sport.fr\/home\/wp-json\/wp\/v2\/pages"}],"about":[{"href":"https:\/\/st-vincent-sport.fr\/home\/wp-json\/wp\/v2\/types\/page"}],"author":[{"embeddable":true,"href":"https:\/\/st-vincent-sport.fr\/home\/wp-json\/wp\/v2\/users\/1"}],"replies":[{"embeddable":true,"href":"https:\/\/st-vincent-sport.fr\/home\/wp-json\/wp\/v2\/comments?post=198"}],"version-history":[{"count":6,"href":"https:\/\/st-vincent-sport.fr\/home\/wp-json\/wp\/v2\/pages\/198\/revisions"}],"predecessor-version":[{"id":212,"href":"https:\/\/st-vincent-sport.fr\/home\/wp-json\/wp\/v2\/pages\/198\/revisions\/212"}],"wp:attachment":[{"href":"https:\/\/st-vincent-sport.fr\/home\/wp-json\/wp\/v2\/media?parent=198"}],"curies":[{"name":"wp","href":"https:\/\/api.w.org\/{rel}","templated":true}]}}