{"id":129,"date":"2023-06-15T12:45:42","date_gmt":"2023-06-15T11:45:42","guid":{"rendered":"https:\/\/st-vincent-sport.fr\/home\/?page_id=129"},"modified":"2025-12-03T21:29:43","modified_gmt":"2025-12-03T20:29:43","slug":"fil-dactualite","status":"publish","type":"page","link":"https:\/\/st-vincent-sport.fr\/home\/fil-dactualite\/","title":{"rendered":"Actualit\u00e9"},"content":{"rendered":"\n<p><\/p>\n\n\n\n<h5 class=\"wp-block-heading\">Samedi 6 d\u00e9cembre 2025 \u00e0 20h &#8211; Gala SVSC l&rsquo;\u00e9quilibre des \u00e9l\u00e9ments<\/h5>\n\n\n\n<p>Le traditionnel GALA de Saint Vincent Sports et Culture affili\u00e9e \u00e0 FSCF revient le <strong>samedi 6 d\u00e9cembre 2025 \u00e0 20h<\/strong> au complexe de Gymnastique Eva Serrano, Rue Fernand Pelloutier, 45000 Orl\u00e9ans.\u00a0<\/p>\n\n\n\n<p><strong>SVSC l&rsquo;\u00e9quilibre des \u00e9l\u00e9ments <\/strong>sera notre th\u00e8me cette ann\u00e9e.<\/p>\n\n\n\n<p>Nos \u00e9veils et nos gymnastes auront \u00e0 c\u0153ur de vous montrer les chor\u00e9graphies du Gala cr\u00e9er \u00e0 pied d\u2019\u0153uvre par nos encadrants, alors venez nombreux les soutenir pour la plupart sera leur 1<sup>er<\/sup> grand spectacle et n\u2019oublier pas t\u2019inviter vos voisins, vos amies et vos familles. Tout le monde est le bienvenu.<\/p>\n\n\n\n<p>L\u2019entr\u00e9e au Gala est de seulement 5\u20ac par adulte et 3\u20ac pour les enfants de moins 12ans (naturellement gratuit pour nos artistes). Inscrivez-vous d\u00e8s maintenant sur helloasso<\/p>\n\n\n\n<p><a href=\"https:\/\/www.helloasso.com\/associations\/st-vincent-sports-et-culture\/evenements\/gala\">https:\/\/www.helloasso.com\/associations\/st-vincent-sports-et-culture\/evenements\/gala<\/a><\/p>\n\n\n\n<p>Vente de billets disponible \u00e9galement le jour du gala en esp\u00e8ce ou ch\u00e8que<\/p>\n\n\n\n<p>L\u2019argent collect\u00e9 servira \u00e0 financer nos projets pour nos gymnastes.<\/p>\n\n\n\n<figure class=\"wp-block-image size-full\"><a href=\"https:\/\/st-vincent-sport.fr\/home\/wp-content\/uploads\/2025\/12\/IMG-20251121-WA0009.jpg\"><img loading=\"lazy\" decoding=\"async\" width=\"466\" height=\"657\" src=\"https:\/\/st-vincent-sport.fr\/home\/wp-content\/uploads\/2025\/12\/IMG-20251121-WA0009.jpg\" alt=\"\" class=\"wp-image-326\" srcset=\"https:\/\/st-vincent-sport.fr\/home\/wp-content\/uploads\/2025\/12\/IMG-20251121-WA0009.jpg 466w, https:\/\/st-vincent-sport.fr\/home\/wp-content\/uploads\/2025\/12\/IMG-20251121-WA0009-213x300.jpg 213w\" sizes=\"auto, (max-width: 466px) 100vw, 466px\" \/><\/a><\/figure>\n\n\n\n<p><\/p>\n\n\n\n<hr class=\"wp-block-separator has-alpha-channel-opacity\"\/>\n\n\n\n<h5 class=\"wp-block-heading\">Samedi 28 Novembre 2025 \u00e0 20h &#8211; Assembl\u00e9e G\u00e9n\u00e9rale<\/h5>\n\n\n\n<p>Notre assembl\u00e9e g\u00e9n\u00e9rale, qui s\u2019est tenue ce samedi, a \u00e9t\u00e9 l\u2019occasion de revenir sur une saison riche en projets, en progr\u00e8s et en \u00e9nergie.&nbsp;Retrouvez le r\u00e9sumer dans l\u2019article de la r\u00e9publique du centre&nbsp;: <a href=\"https:\/\/www.larep.fr\/orleans-45000\/sports\/une-equipe-toujours-plus-dynamique_14791838\/\" target=\"_blank\" rel=\"noreferrer noopener\">https:\/\/www.larep.fr\/orleans-45000\/sports\/une-equipe-toujours-plus-dynamique_14791838\/<\/a><\/p>\n\n\n\n<p>Un point important de cette nouvelle saison sera la c\u00e9l\u00e9bration d\u2019un \u00e9v\u00e9nement exceptionnel :<br><strong>le 140<\/strong><strong>\u1d49<\/strong><strong> anniversaire de notre association<\/strong>, que nous f\u00eaterons le <strong>dimanche 21 juin<\/strong> lors d\u2019une grande manifestation ouverte \u00e0 tous. Nous comptons sur la pr\u00e9sence de tous nos adh\u00e9rents et anciens adh\u00e9rents pour c\u00e9l\u00e9brer ensemble ce moment unique de notre histoire.<\/p>\n\n\n\n<p>Gr\u00e2ce au soutien de la mairie, nous avons \u00e9galement pu investir dans de nouveaux justaucorps ainsi que dans du mat\u00e9riel neuf \u2014 une poutre, un impulseur de saut et un <em>trampo-tremp<\/em>. Ces \u00e9quipements viennent renforcer la qualit\u00e9 de nos installations et offrir \u00e0 nos gyms des conditions d\u2019entra\u00eenement encore meilleures<\/p>\n\n\n\n<figure class=\"wp-block-image size-large\"><a href=\"https:\/\/st-vincent-sport.fr\/home\/wp-content\/uploads\/2025\/12\/IMG-20251129-WA0001.jpg\"><img loading=\"lazy\" decoding=\"async\" width=\"768\" height=\"1024\" src=\"https:\/\/st-vincent-sport.fr\/home\/wp-content\/uploads\/2025\/12\/IMG-20251129-WA0001-768x1024.jpg\" alt=\"\" class=\"wp-image-325\" srcset=\"https:\/\/st-vincent-sport.fr\/home\/wp-content\/uploads\/2025\/12\/IMG-20251129-WA0001-768x1024.jpg 768w, https:\/\/st-vincent-sport.fr\/home\/wp-content\/uploads\/2025\/12\/IMG-20251129-WA0001-225x300.jpg 225w, https:\/\/st-vincent-sport.fr\/home\/wp-content\/uploads\/2025\/12\/IMG-20251129-WA0001-1152x1536.jpg 1152w, https:\/\/st-vincent-sport.fr\/home\/wp-content\/uploads\/2025\/12\/IMG-20251129-WA0001.jpg 1536w\" sizes=\"auto, (max-width: 768px) 100vw, 768px\" \/><\/a><\/figure>\n\n\n\n<p>Nicolas TABURET<\/p>\n\n\n\n<hr class=\"wp-block-separator has-alpha-channel-opacity\"\/>\n\n\n\n<h5 class=\"wp-block-heading\">Samedi 7 d\u00e9cembre 2024 \u00e0 20h &#8211; Gala SVSC fait son cirque <\/h5>\n\n\n\n<p>Cher Adh\u00e9rents<\/p>\n\n\n\n<p>Le traditionnel GALA de Saint Vincent Sports et Culture affili\u00e9e \u00e0 FSCF revient le <strong>samedi 7 d\u00e9cembre 2024 \u00e0 20h<\/strong> au complexe de Gymnastique Eva Serrano, Rue Fernand Pelloutier, 45000 Orl\u00e9ans.&nbsp;<\/p>\n\n\n\n<p><strong>SVSC fait son Cirque <\/strong>sera notre th\u00e8me cette ann\u00e9e.<\/p>\n\n\n\n<p>Nos \u00e9veils et nos gymnastes auront \u00e0 c\u0153ur de vous montrer les chor\u00e9graphies du Gala cr\u00e9er \u00e0 pied d\u2019\u0153uvre par nos encadrants, alors venez nombreux les soutenir pour la plupart sera leur 1<sup>er<\/sup> grand spectacle et n\u2019oublier pas t\u2019inviter vos voisins, vos amies et vos familles. Tout le monde est le bienvenu.<\/p>\n\n\n\n<p>L\u2019entr\u00e9e au Gala est de seulement 5\u20ac par adulte et 3\u20ac pour les enfants de moins 12ans (naturellement gratuit pour nos artistes). Nous ne prenons pas la carte bancaire, merci de pr\u00e9voir esp\u00e8ce ou ch\u00e8que. L\u2019argent collect\u00e9 servira \u00e0 acqu\u00e9rir du nouveaux justaucorps pour nos gymnastes.<\/p>\n\n\n\n<p><\/p>\n\n\n\n<hr class=\"wp-block-separator has-alpha-channel-opacity\"\/>\n\n\n\n<h5 class=\"wp-block-heading\">Dimanche 8 septembre 2024 &#8211; Rentr\u00e9e en f\u00eate<\/h5>\n\n\n\n<p>Retrouvez-nous au Rue Royal emplacement 261!<\/p>\n\n\n\n<hr class=\"wp-block-separator has-alpha-channel-opacity\"\/>\n\n\n\n<h5 class=\"wp-block-heading\">Samedi 7 septembre 2024 &#8211; Matin\u00e9e inscriptions de 10 h 00 \u00e0 13 h 00<\/h5>\n\n\n\n<p>A St Vincent<\/p>\n\n\n\n<hr class=\"wp-block-separator has-alpha-channel-opacity\"\/>\n\n\n\n<h5 class=\"wp-block-heading\">Dimanche 14 avril 2024 &#8211; Concours d\u00e9partemental poussines \u00e0 Orl\u00e9ans<\/h5>\n\n\n\n<p>Organis\u00e9 par le comit\u00e9 d\u00e9partemental de FSCF et accueilli par notre club au complexe de Gymnastique Eva Serrano de la mairie d&rsquo;Orl\u00e9ans.<\/p>\n\n\n\n<p>Toutes nos filles sont reparties avec leurs poussins blancs, verts ou bleus.<\/p>\n\n\n\n<figure class=\"wp-block-image size-large\"><a href=\"https:\/\/st-vincent-sport.fr\/home\/wp-content\/uploads\/2024\/04\/IMG-20240414-WA0007.jpg\"><img loading=\"lazy\" decoding=\"async\" width=\"1024\" height=\"768\" src=\"https:\/\/st-vincent-sport.fr\/home\/wp-content\/uploads\/2024\/04\/IMG-20240414-WA0007-1024x768.jpg\" alt=\"\" class=\"wp-image-283\" srcset=\"https:\/\/st-vincent-sport.fr\/home\/wp-content\/uploads\/2024\/04\/IMG-20240414-WA0007-1024x768.jpg 1024w, https:\/\/st-vincent-sport.fr\/home\/wp-content\/uploads\/2024\/04\/IMG-20240414-WA0007-300x225.jpg 300w, https:\/\/st-vincent-sport.fr\/home\/wp-content\/uploads\/2024\/04\/IMG-20240414-WA0007-768x576.jpg 768w, https:\/\/st-vincent-sport.fr\/home\/wp-content\/uploads\/2024\/04\/IMG-20240414-WA0007-1536x1152.jpg 1536w, https:\/\/st-vincent-sport.fr\/home\/wp-content\/uploads\/2024\/04\/IMG-20240414-WA0007.jpg 2048w\" sizes=\"auto, (max-width: 1024px) 100vw, 1024px\" \/><\/a><\/figure>\n\n\n\n<hr class=\"wp-block-separator has-alpha-channel-opacity\"\/>\n\n\n\n<h5 class=\"wp-block-heading\">Dimanche 7 Avril 2024 &#8211; Concours aux \u00e9toiles (Jeunesses\/A\u00een\u00e9es) \u00e0 Pithiviers<\/h5>\n\n\n\n<p>Organis\u00e9 par le comit\u00e9 d\u00e9partemental de FSCF et accueilli par le club Chamois de Pithiviers.<\/p>\n\n\n\n<p>Belle r\u00e9ussite pour nos ain\u00e9es et nos jeunesses avec 8 qualifi\u00e9es pour les r\u00e9gionales.<\/p>\n\n\n\n<p>F\u00e9licitations \u00e0 toutes et surtout bravo aux encadrantes pour avoir su les monter aussi haut!!! sans oublier nos juges qui ont donn\u00e9 de leur temps pour que ce concours soit une r\u00e9ussite.<\/p>\n\n\n<div class=\"wp-block-image\">\n<figure class=\"aligncenter size-full\"><a href=\"https:\/\/st-vincent-sport.fr\/home\/wp-content\/uploads\/2024\/04\/IMG-20240410-WA0013.jpg\"><img loading=\"lazy\" decoding=\"async\" width=\"1014\" height=\"609\" src=\"https:\/\/st-vincent-sport.fr\/home\/wp-content\/uploads\/2024\/04\/IMG-20240410-WA0013.jpg\" alt=\"\" class=\"wp-image-282\" srcset=\"https:\/\/st-vincent-sport.fr\/home\/wp-content\/uploads\/2024\/04\/IMG-20240410-WA0013.jpg 1014w, https:\/\/st-vincent-sport.fr\/home\/wp-content\/uploads\/2024\/04\/IMG-20240410-WA0013-300x180.jpg 300w, https:\/\/st-vincent-sport.fr\/home\/wp-content\/uploads\/2024\/04\/IMG-20240410-WA0013-768x461.jpg 768w\" sizes=\"auto, (max-width: 1014px) 100vw, 1014px\" \/><\/a><\/figure>\n<\/div>\n\n\n<hr class=\"wp-block-separator aligncenter has-alpha-channel-opacity is-style-dots\"\/>\n\n\n\n<figure class=\"wp-block-image size-large\"><a href=\"https:\/\/st-vincent-sport.fr\/home\/wp-content\/uploads\/2024\/04\/IMG-20240407-WA0011.jpg\"><img loading=\"lazy\" decoding=\"async\" width=\"1024\" height=\"655\" src=\"https:\/\/st-vincent-sport.fr\/home\/wp-content\/uploads\/2024\/04\/IMG-20240407-WA0011-1024x655.jpg\" alt=\"\" class=\"wp-image-281\" srcset=\"https:\/\/st-vincent-sport.fr\/home\/wp-content\/uploads\/2024\/04\/IMG-20240407-WA0011-1024x655.jpg 1024w, https:\/\/st-vincent-sport.fr\/home\/wp-content\/uploads\/2024\/04\/IMG-20240407-WA0011-300x192.jpg 300w, https:\/\/st-vincent-sport.fr\/home\/wp-content\/uploads\/2024\/04\/IMG-20240407-WA0011-768x491.jpg 768w, https:\/\/st-vincent-sport.fr\/home\/wp-content\/uploads\/2024\/04\/IMG-20240407-WA0011.jpg 1036w\" sizes=\"auto, (max-width: 1024px) 100vw, 1024px\" \/><\/a><\/figure>\n\n\n\n<h5 class=\"wp-block-heading\">Dimanche 7 Avril 2024 &#8211; F\u00eate d\u00e9partemental de l&rsquo;\u00e9veil \u00e0 Orl\u00e9ans<\/h5>\n\n\n\n<p>Organis\u00e9 par le comit\u00e9 d\u00e9partemental de FSCF avec les Pieds Blancs Les Aydes. <br>64 enfants sont venus pour cette matin\u00e9e ouverte \u00e0 tous, d\u00e9couvrir le parcours de motricit\u00e9, le tir \u00e0 l&rsquo; arc, les jeux de ballons, la d\u00e9couverte du code de la route\u2026<\/p>\n\n\n\n<p>Un grand merci \u00e0 Sacha, Pauline, Sara, Louane et L\u00e9a pour avoir aider et r\u00e9pr\u00e9senter SVSC. <\/p>\n\n\n\n<figure class=\"wp-block-image size-large\"><a href=\"https:\/\/st-vincent-sport.fr\/home\/wp-content\/uploads\/2024\/04\/IMG_20240407_102646.jpg\"><img loading=\"lazy\" decoding=\"async\" width=\"1024\" height=\"576\" src=\"https:\/\/st-vincent-sport.fr\/home\/wp-content\/uploads\/2024\/04\/IMG_20240407_102646-1024x576.jpg\" alt=\"\" class=\"wp-image-280\" srcset=\"https:\/\/st-vincent-sport.fr\/home\/wp-content\/uploads\/2024\/04\/IMG_20240407_102646-1024x576.jpg 1024w, https:\/\/st-vincent-sport.fr\/home\/wp-content\/uploads\/2024\/04\/IMG_20240407_102646-300x169.jpg 300w, https:\/\/st-vincent-sport.fr\/home\/wp-content\/uploads\/2024\/04\/IMG_20240407_102646-768x432.jpg 768w, https:\/\/st-vincent-sport.fr\/home\/wp-content\/uploads\/2024\/04\/IMG_20240407_102646-1536x864.jpg 1536w, https:\/\/st-vincent-sport.fr\/home\/wp-content\/uploads\/2024\/04\/IMG_20240407_102646.jpg 2040w\" sizes=\"auto, (max-width: 1024px) 100vw, 1024px\" \/><\/a><\/figure>\n\n\n\n<hr class=\"wp-block-separator has-alpha-channel-opacity is-style-dots\"\/>\n\n\n\n<figure class=\"wp-block-image size-large\"><a href=\"https:\/\/st-vincent-sport.fr\/home\/wp-content\/uploads\/2024\/04\/IMG_20240407_113411.jpg\"><img loading=\"lazy\" decoding=\"async\" width=\"1024\" height=\"576\" src=\"https:\/\/st-vincent-sport.fr\/home\/wp-content\/uploads\/2024\/04\/IMG_20240407_113411-1024x576.jpg\" alt=\"\" class=\"wp-image-279\" srcset=\"https:\/\/st-vincent-sport.fr\/home\/wp-content\/uploads\/2024\/04\/IMG_20240407_113411-1024x576.jpg 1024w, https:\/\/st-vincent-sport.fr\/home\/wp-content\/uploads\/2024\/04\/IMG_20240407_113411-300x169.jpg 300w, https:\/\/st-vincent-sport.fr\/home\/wp-content\/uploads\/2024\/04\/IMG_20240407_113411-768x432.jpg 768w, https:\/\/st-vincent-sport.fr\/home\/wp-content\/uploads\/2024\/04\/IMG_20240407_113411-1536x864.jpg 1536w, https:\/\/st-vincent-sport.fr\/home\/wp-content\/uploads\/2024\/04\/IMG_20240407_113411.jpg 2040w\" sizes=\"auto, (max-width: 1024px) 100vw, 1024px\" \/><\/a><\/figure>\n\n\n\n<hr class=\"wp-block-separator has-alpha-channel-opacity\"\/>\n\n\n\n<h5 class=\"wp-block-heading\">Samedi 18 novembre 2023 &#8211; Assembl\u00e9e g\u00e9n\u00e9rale<\/h5>\n\n\n\n<hr class=\"wp-block-separator has-alpha-channel-opacity\"\/>\n\n\n\n<h5 class=\"wp-block-heading\">Samedi 30 septembre 2023 &#8211; Pot d&rsquo;accueil<\/h5>\n\n\n\n<hr class=\"wp-block-separator has-alpha-channel-opacity\"\/>\n\n\n\n<h5 class=\"wp-block-heading\">Samedi 16 septembre 2023 &#8211; Matin\u00e9e inscriptions de 10 h 00 \u00e0 13 h 00<\/h5>\n\n\n\n<hr class=\"wp-block-separator has-alpha-channel-opacity\"\/>\n\n\n\n<h5 class=\"wp-block-heading\">Dimanche 10 Septembre 2023- Rentr\u00e9e en f\u00eate<\/h5>\n\n\n\n<p>Retrouvez-nous au Campo Santo stand 705 !<\/p>\n\n\n\n<hr class=\"wp-block-separator has-alpha-channel-opacity\"\/>\n\n\n\n<h5 class=\"wp-block-heading\">Samedi 23 Juin 2023 &#8211; Visite de la ferme p\u00e9dagogique<\/h5>\n\n\n\n<p>Grande sortie de fin d&rsquo;ann\u00e9e pour les \u00e9veils avec la d\u00e9couverte de la ferme p\u00e9dagogique.<\/p>\n\n\n\n<figure class=\"wp-block-image size-large\"><a href=\"https:\/\/st-vincent-sport.fr\/home\/wp-content\/uploads\/2023\/06\/IMG-20230624-WA0010.jpg\"><img loading=\"lazy\" decoding=\"async\" width=\"1024\" height=\"768\" src=\"https:\/\/st-vincent-sport.fr\/home\/wp-content\/uploads\/2023\/06\/IMG-20230624-WA0010-1024x768.jpg\" alt=\"\" class=\"wp-image-233\" srcset=\"https:\/\/st-vincent-sport.fr\/home\/wp-content\/uploads\/2023\/06\/IMG-20230624-WA0010-1024x768.jpg 1024w, https:\/\/st-vincent-sport.fr\/home\/wp-content\/uploads\/2023\/06\/IMG-20230624-WA0010-300x225.jpg 300w, https:\/\/st-vincent-sport.fr\/home\/wp-content\/uploads\/2023\/06\/IMG-20230624-WA0010-768x576.jpg 768w, https:\/\/st-vincent-sport.fr\/home\/wp-content\/uploads\/2023\/06\/IMG-20230624-WA0010-1536x1152.jpg 1536w, https:\/\/st-vincent-sport.fr\/home\/wp-content\/uploads\/2023\/06\/IMG-20230624-WA0010.jpg 2048w\" sizes=\"auto, (max-width: 1024px) 100vw, 1024px\" \/><\/a><\/figure>\n\n\n\n<hr class=\"wp-block-separator has-alpha-channel-opacity is-style-dots\"\/>\n\n\n\n<figure class=\"wp-block-image size-large\"><a href=\"https:\/\/st-vincent-sport.fr\/home\/wp-content\/uploads\/2023\/06\/IMG-20230624-WA0019-1.jpg\"><img loading=\"lazy\" decoding=\"async\" width=\"1024\" height=\"768\" src=\"https:\/\/st-vincent-sport.fr\/home\/wp-content\/uploads\/2023\/06\/IMG-20230624-WA0019-1-1024x768.jpg\" alt=\"\" class=\"wp-image-240\" srcset=\"https:\/\/st-vincent-sport.fr\/home\/wp-content\/uploads\/2023\/06\/IMG-20230624-WA0019-1-1024x768.jpg 1024w, https:\/\/st-vincent-sport.fr\/home\/wp-content\/uploads\/2023\/06\/IMG-20230624-WA0019-1-300x225.jpg 300w, https:\/\/st-vincent-sport.fr\/home\/wp-content\/uploads\/2023\/06\/IMG-20230624-WA0019-1-768x576.jpg 768w, https:\/\/st-vincent-sport.fr\/home\/wp-content\/uploads\/2023\/06\/IMG-20230624-WA0019-1-1536x1152.jpg 1536w, https:\/\/st-vincent-sport.fr\/home\/wp-content\/uploads\/2023\/06\/IMG-20230624-WA0019-1.jpg 2048w\" sizes=\"auto, (max-width: 1024px) 100vw, 1024px\" \/><\/a><\/figure>\n","protected":false},"excerpt":{"rendered":"<p>Samedi 6 d\u00e9cembre 2025 \u00e0 20h &#8211; Gala SVSC l&rsquo;\u00e9quilibre des \u00e9l\u00e9ments Le traditionnel GALA de Saint Vincent Sports et Culture affili\u00e9e \u00e0 FSCF revient le samedi 6 d\u00e9cembre 2025 \u00e0 20h au complexe de Gymnastique Eva Serrano, Rue Fernand Pelloutier, 45000 Orl\u00e9ans.\u00a0 SVSC l&rsquo;\u00e9quilibre des \u00e9l\u00e9ments sera notre th\u00e8me cette ann\u00e9e. Nos \u00e9veils et [&hellip;]<\/p>\n","protected":false},"author":1,"featured_media":0,"parent":0,"menu_order":0,"comment_status":"closed","ping_status":"closed","template":"","meta":{"footnotes":""},"class_list":["post-129","page","type-page","status-publish","hentry","post"],"yoast_head":"<!-- This site is optimized with the Yoast SEO plugin v23.3 - https:\/\/yoast.com\/wordpress\/plugins\/seo\/ -->\n<title>Actualit\u00e9 - Saint Vincent Sports et Culture f\u00eate ses 140 ans<\/title>\n<meta name=\"robots\" content=\"index, follow, max-snippet:-1, max-image-preview:large, max-video-preview:-1\" \/>\n<link rel=\"canonical\" href=\"https:\/\/st-vincent-sport.fr\/home\/fil-dactualite\/\" \/>\n<meta property=\"og:locale\" content=\"fr_FR\" \/>\n<meta property=\"og:type\" content=\"article\" \/>\n<meta property=\"og:title\" content=\"Actualit\u00e9 - Saint Vincent Sports et Culture f\u00eate ses 140 ans\" \/>\n<meta property=\"og:description\" content=\"Samedi 6 d\u00e9cembre 2025 \u00e0 20h &#8211; Gala SVSC l&rsquo;\u00e9quilibre des \u00e9l\u00e9ments Le traditionnel GALA de Saint Vincent Sports et Culture affili\u00e9e \u00e0 FSCF revient le samedi 6 d\u00e9cembre 2025 \u00e0 20h au complexe de Gymnastique Eva Serrano, Rue Fernand Pelloutier, 45000 Orl\u00e9ans.\u00a0 SVSC l&rsquo;\u00e9quilibre des \u00e9l\u00e9ments sera notre th\u00e8me cette ann\u00e9e. Nos \u00e9veils et [&hellip;]\" \/>\n<meta property=\"og:url\" content=\"https:\/\/st-vincent-sport.fr\/home\/fil-dactualite\/\" \/>\n<meta property=\"og:site_name\" content=\"Saint Vincent Sports et Culture f\u00eate ses 140 ans\" \/>\n<meta property=\"article:modified_time\" content=\"2025-12-03T20:29:43+00:00\" \/>\n<meta property=\"og:image\" content=\"https:\/\/st-vincent-sport.fr\/home\/wp-content\/uploads\/2025\/12\/IMG-20251121-WA0009.jpg\" \/>\n<meta name=\"twitter:label1\" content=\"Dur\u00e9e de lecture estim\u00e9e\" \/>\n\t<meta name=\"twitter:data1\" content=\"6 minutes\" \/>\n<script type=\"application\/ld+json\" class=\"yoast-schema-graph\">{\"@context\":\"https:\/\/schema.org\",\"@graph\":[{\"@type\":\"WebPage\",\"@id\":\"https:\/\/st-vincent-sport.fr\/home\/fil-dactualite\/\",\"url\":\"https:\/\/st-vincent-sport.fr\/home\/fil-dactualite\/\",\"name\":\"Actualit\u00e9 - Saint Vincent Sports et Culture f\u00eate ses 140 ans\",\"isPartOf\":{\"@id\":\"https:\/\/st-vincent-sport.fr\/home\/#website\"},\"primaryImageOfPage\":{\"@id\":\"https:\/\/st-vincent-sport.fr\/home\/fil-dactualite\/#primaryimage\"},\"image\":{\"@id\":\"https:\/\/st-vincent-sport.fr\/home\/fil-dactualite\/#primaryimage\"},\"thumbnailUrl\":\"https:\/\/st-vincent-sport.fr\/home\/wp-content\/uploads\/2025\/12\/IMG-20251121-WA0009.jpg\",\"datePublished\":\"2023-06-15T11:45:42+00:00\",\"dateModified\":\"2025-12-03T20:29:43+00:00\",\"inLanguage\":\"fr-FR\",\"potentialAction\":[{\"@type\":\"ReadAction\",\"target\":[\"https:\/\/st-vincent-sport.fr\/home\/fil-dactualite\/\"]}]},{\"@type\":\"ImageObject\",\"inLanguage\":\"fr-FR\",\"@id\":\"https:\/\/st-vincent-sport.fr\/home\/fil-dactualite\/#primaryimage\",\"url\":\"https:\/\/st-vincent-sport.fr\/home\/wp-content\/uploads\/2025\/12\/IMG-20251121-WA0009.jpg\",\"contentUrl\":\"https:\/\/st-vincent-sport.fr\/home\/wp-content\/uploads\/2025\/12\/IMG-20251121-WA0009.jpg\",\"width\":466,\"height\":657},{\"@type\":\"WebSite\",\"@id\":\"https:\/\/st-vincent-sport.fr\/home\/#website\",\"url\":\"https:\/\/st-vincent-sport.fr\/home\/\",\"name\":\"Saint Vincent Sports et Culture f\u00eate ses 140 ans\",\"description\":\"\",\"publisher\":{\"@id\":\"https:\/\/st-vincent-sport.fr\/home\/#organization\"},\"potentialAction\":[{\"@type\":\"SearchAction\",\"target\":{\"@type\":\"EntryPoint\",\"urlTemplate\":\"https:\/\/st-vincent-sport.fr\/home\/?s={search_term_string}\"},\"query-input\":\"required name=search_term_string\"}],\"inLanguage\":\"fr-FR\"},{\"@type\":\"Organization\",\"@id\":\"https:\/\/st-vincent-sport.fr\/home\/#organization\",\"name\":\"Saint Vincent Sports et Culture f\u00eate ses 140 ans\",\"url\":\"https:\/\/st-vincent-sport.fr\/home\/\",\"logo\":{\"@type\":\"ImageObject\",\"inLanguage\":\"fr-FR\",\"@id\":\"https:\/\/st-vincent-sport.fr\/home\/#\/schema\/logo\/image\/\",\"url\":\"https:\/\/st-vincent-sport.fr\/home\/wp-content\/uploads\/2023\/06\/cropped-LOGO-SVSC.png\",\"contentUrl\":\"https:\/\/st-vincent-sport.fr\/home\/wp-content\/uploads\/2023\/06\/cropped-LOGO-SVSC.png\",\"width\":136,\"height\":136,\"caption\":\"Saint Vincent Sports et Culture f\u00eate ses 140 ans\"},\"image\":{\"@id\":\"https:\/\/st-vincent-sport.fr\/home\/#\/schema\/logo\/image\/\"}}]}<\/script>\n<!-- \/ Yoast SEO plugin. -->","yoast_head_json":{"title":"Actualit\u00e9 - Saint Vincent Sports et Culture f\u00eate ses 140 ans","robots":{"index":"index","follow":"follow","max-snippet":"max-snippet:-1","max-image-preview":"max-image-preview:large","max-video-preview":"max-video-preview:-1"},"canonical":"https:\/\/st-vincent-sport.fr\/home\/fil-dactualite\/","og_locale":"fr_FR","og_type":"article","og_title":"Actualit\u00e9 - Saint Vincent Sports et Culture f\u00eate ses 140 ans","og_description":"Samedi 6 d\u00e9cembre 2025 \u00e0 20h &#8211; Gala SVSC l&rsquo;\u00e9quilibre des \u00e9l\u00e9ments Le traditionnel GALA de Saint Vincent Sports et Culture affili\u00e9e \u00e0 FSCF revient le samedi 6 d\u00e9cembre 2025 \u00e0 20h au complexe de Gymnastique Eva Serrano, Rue Fernand Pelloutier, 45000 Orl\u00e9ans.\u00a0 SVSC l&rsquo;\u00e9quilibre des \u00e9l\u00e9ments sera notre th\u00e8me cette ann\u00e9e. Nos \u00e9veils et [&hellip;]","og_url":"https:\/\/st-vincent-sport.fr\/home\/fil-dactualite\/","og_site_name":"Saint Vincent Sports et Culture f\u00eate ses 140 ans","article_modified_time":"2025-12-03T20:29:43+00:00","og_image":[{"url":"https:\/\/st-vincent-sport.fr\/home\/wp-content\/uploads\/2025\/12\/IMG-20251121-WA0009.jpg"}],"twitter_misc":{"Dur\u00e9e de lecture estim\u00e9e":"6 minutes"},"schema":{"@context":"https:\/\/schema.org","@graph":[{"@type":"WebPage","@id":"https:\/\/st-vincent-sport.fr\/home\/fil-dactualite\/","url":"https:\/\/st-vincent-sport.fr\/home\/fil-dactualite\/","name":"Actualit\u00e9 - Saint Vincent Sports et Culture f\u00eate ses 140 ans","isPartOf":{"@id":"https:\/\/st-vincent-sport.fr\/home\/#website"},"primaryImageOfPage":{"@id":"https:\/\/st-vincent-sport.fr\/home\/fil-dactualite\/#primaryimage"},"image":{"@id":"https:\/\/st-vincent-sport.fr\/home\/fil-dactualite\/#primaryimage"},"thumbnailUrl":"https:\/\/st-vincent-sport.fr\/home\/wp-content\/uploads\/2025\/12\/IMG-20251121-WA0009.jpg","datePublished":"2023-06-15T11:45:42+00:00","dateModified":"2025-12-03T20:29:43+00:00","inLanguage":"fr-FR","potentialAction":[{"@type":"ReadAction","target":["https:\/\/st-vincent-sport.fr\/home\/fil-dactualite\/"]}]},{"@type":"ImageObject","inLanguage":"fr-FR","@id":"https:\/\/st-vincent-sport.fr\/home\/fil-dactualite\/#primaryimage","url":"https:\/\/st-vincent-sport.fr\/home\/wp-content\/uploads\/2025\/12\/IMG-20251121-WA0009.jpg","contentUrl":"https:\/\/st-vincent-sport.fr\/home\/wp-content\/uploads\/2025\/12\/IMG-20251121-WA0009.jpg","width":466,"height":657},{"@type":"WebSite","@id":"https:\/\/st-vincent-sport.fr\/home\/#website","url":"https:\/\/st-vincent-sport.fr\/home\/","name":"Saint Vincent Sports et Culture f\u00eate ses 140 ans","description":"","publisher":{"@id":"https:\/\/st-vincent-sport.fr\/home\/#organization"},"potentialAction":[{"@type":"SearchAction","target":{"@type":"EntryPoint","urlTemplate":"https:\/\/st-vincent-sport.fr\/home\/?s={search_term_string}"},"query-input":"required name=search_term_string"}],"inLanguage":"fr-FR"},{"@type":"Organization","@id":"https:\/\/st-vincent-sport.fr\/home\/#organization","name":"Saint Vincent Sports et Culture f\u00eate ses 140 ans","url":"https:\/\/st-vincent-sport.fr\/home\/","logo":{"@type":"ImageObject","inLanguage":"fr-FR","@id":"https:\/\/st-vincent-sport.fr\/home\/#\/schema\/logo\/image\/","url":"https:\/\/st-vincent-sport.fr\/home\/wp-content\/uploads\/2023\/06\/cropped-LOGO-SVSC.png","contentUrl":"https:\/\/st-vincent-sport.fr\/home\/wp-content\/uploads\/2023\/06\/cropped-LOGO-SVSC.png","width":136,"height":136,"caption":"Saint Vincent Sports et Culture f\u00eate ses 140 ans"},"image":{"@id":"https:\/\/st-vincent-sport.fr\/home\/#\/schema\/logo\/image\/"}}]}},"_links":{"self":[{"href":"https:\/\/st-vincent-sport.fr\/home\/wp-json\/wp\/v2\/pages\/129","targetHints":{"allow":["GET"]}}],"collection":[{"href":"https:\/\/st-vincent-sport.fr\/home\/wp-json\/wp\/v2\/pages"}],"about":[{"href":"https:\/\/st-vincent-sport.fr\/home\/wp-json\/wp\/v2\/types\/page"}],"author":[{"embeddable":true,"href":"https:\/\/st-vincent-sport.fr\/home\/wp-json\/wp\/v2\/users\/1"}],"replies":[{"embeddable":true,"href":"https:\/\/st-vincent-sport.fr\/home\/wp-json\/wp\/v2\/comments?post=129"}],"version-history":[{"count":24,"href":"https:\/\/st-vincent-sport.fr\/home\/wp-json\/wp\/v2\/pages\/129\/revisions"}],"predecessor-version":[{"id":328,"href":"https:\/\/st-vincent-sport.fr\/home\/wp-json\/wp\/v2\/pages\/129\/revisions\/328"}],"wp:attachment":[{"href":"https:\/\/st-vincent-sport.fr\/home\/wp-json\/wp\/v2\/media?parent=129"}],"curies":[{"name":"wp","href":"https:\/\/api.w.org\/{rel}","templated":true}]}}