{"id":106,"date":"2023-06-15T11:02:19","date_gmt":"2023-06-15T10:02:19","guid":{"rendered":"https:\/\/st-vincent-sport.fr\/home\/?page_id=106"},"modified":"2025-12-03T20:12:24","modified_gmt":"2025-12-03T19:12:24","slug":"gym-artistique-masculine","status":"publish","type":"page","link":"https:\/\/st-vincent-sport.fr\/home\/gym-artistique-masculine\/","title":{"rendered":"Gym Art. Masculine"},"content":{"rendered":"\n<p>La gymnastique artistique masculine 6 agr\u00e8s : le sol, le cheval d&rsquo;ar\u00e7on, les anneaux, le saut de cheval, les barres parall\u00e8les et la barre fixe.<\/p>\n\n\n\n<p>SVSC participe aux<strong> comp\u00e9titions par \u00e9quipes<\/strong> et <strong>en individuel<\/strong> \u00e0 l\u2019\u00e9chelon d\u00e9partemental et r\u00e9gional organis\u00e9es par les comit\u00e9s d\u00e9partemental et r\u00e9gional de la FSCF sur des programmes impos\u00e9s \u00e9volutifs (du 1er au 6\u00e8me degr\u00e9) permettant ainsi \u00e0 chacune de s\u2019exprimer selon son \u00e2ge et son niveau de performance.<\/p>\n\n\n\n<p><strong>Poussins <\/strong>: N\u00e9s de 2017 \u00e0 2019<\/p>\n\n\n\n<p><strong>Pupilles<\/strong>: N\u00e9s avant 2016<\/p>\n\n\n\n<p>Nous accueillons les poussins et pupilles, le jeudi de 18h15 \u00e0 19h45 dans notre gymnase au 22 Rue du Faubourg St Vincent \u00e0 Orl\u00e9ans.<\/p>\n\n\n\n<p>Contact : Pierre-Alain SARRAZIN \/ 06 75 44 07 55<\/p>\n\n\n\n<figure class=\"wp-block-image size-full\"><a href=\"https:\/\/st-vincent-sport.fr\/home\/wp-content\/uploads\/2023\/06\/wp9e230ac6_06.png\"><img loading=\"lazy\" decoding=\"async\" width=\"348\" height=\"219\" src=\"https:\/\/st-vincent-sport.fr\/home\/wp-content\/uploads\/2023\/06\/wp9e230ac6_06.png\" alt=\"\" class=\"wp-image-152\" srcset=\"https:\/\/st-vincent-sport.fr\/home\/wp-content\/uploads\/2023\/06\/wp9e230ac6_06.png 348w, https:\/\/st-vincent-sport.fr\/home\/wp-content\/uploads\/2023\/06\/wp9e230ac6_06-300x189.png 300w\" sizes=\"auto, (max-width: 348px) 100vw, 348px\" \/><\/a><\/figure>\n","protected":false},"excerpt":{"rendered":"<p>La gymnastique artistique masculine 6 agr\u00e8s : le sol, le cheval d&rsquo;ar\u00e7on, les anneaux, le saut de cheval, les barres parall\u00e8les et la barre fixe. SVSC participe aux comp\u00e9titions par \u00e9quipes et en individuel \u00e0 l\u2019\u00e9chelon d\u00e9partemental et r\u00e9gional organis\u00e9es par les comit\u00e9s d\u00e9partemental et r\u00e9gional de la FSCF sur des programmes impos\u00e9s \u00e9volutifs (du [&hellip;]<\/p>\n","protected":false},"author":1,"featured_media":0,"parent":0,"menu_order":0,"comment_status":"closed","ping_status":"closed","template":"","meta":{"footnotes":""},"class_list":["post-106","page","type-page","status-publish","hentry","post"],"yoast_head":"<!-- This site is optimized with the Yoast SEO plugin v23.3 - https:\/\/yoast.com\/wordpress\/plugins\/seo\/ -->\n<title>Gym Art. Masculine - Saint Vincent Sports et Culture f\u00eate ses 140 ans<\/title>\n<meta name=\"robots\" content=\"index, follow, max-snippet:-1, max-image-preview:large, max-video-preview:-1\" \/>\n<link rel=\"canonical\" href=\"https:\/\/st-vincent-sport.fr\/home\/gym-artistique-masculine\/\" \/>\n<meta property=\"og:locale\" content=\"fr_FR\" \/>\n<meta property=\"og:type\" content=\"article\" \/>\n<meta property=\"og:title\" content=\"Gym Art. Masculine - Saint Vincent Sports et Culture f\u00eate ses 140 ans\" \/>\n<meta property=\"og:description\" content=\"La gymnastique artistique masculine 6 agr\u00e8s : le sol, le cheval d&rsquo;ar\u00e7on, les anneaux, le saut de cheval, les barres parall\u00e8les et la barre fixe. SVSC participe aux comp\u00e9titions par \u00e9quipes et en individuel \u00e0 l\u2019\u00e9chelon d\u00e9partemental et r\u00e9gional organis\u00e9es par les comit\u00e9s d\u00e9partemental et r\u00e9gional de la FSCF sur des programmes impos\u00e9s \u00e9volutifs (du [&hellip;]\" \/>\n<meta property=\"og:url\" content=\"https:\/\/st-vincent-sport.fr\/home\/gym-artistique-masculine\/\" \/>\n<meta property=\"og:site_name\" content=\"Saint Vincent Sports et Culture f\u00eate ses 140 ans\" \/>\n<meta property=\"article:modified_time\" content=\"2025-12-03T19:12:24+00:00\" \/>\n<meta property=\"og:image\" content=\"https:\/\/st-vincent-sport.fr\/home\/wp-content\/uploads\/2023\/06\/wp9e230ac6_06.png\" \/>\n<meta name=\"twitter:label1\" content=\"Dur\u00e9e de lecture estim\u00e9e\" \/>\n\t<meta name=\"twitter:data1\" content=\"1 minute\" \/>\n<script type=\"application\/ld+json\" class=\"yoast-schema-graph\">{\"@context\":\"https:\/\/schema.org\",\"@graph\":[{\"@type\":\"WebPage\",\"@id\":\"https:\/\/st-vincent-sport.fr\/home\/gym-artistique-masculine\/\",\"url\":\"https:\/\/st-vincent-sport.fr\/home\/gym-artistique-masculine\/\",\"name\":\"Gym Art. Masculine - Saint Vincent Sports et Culture f\u00eate ses 140 ans\",\"isPartOf\":{\"@id\":\"https:\/\/st-vincent-sport.fr\/home\/#website\"},\"primaryImageOfPage\":{\"@id\":\"https:\/\/st-vincent-sport.fr\/home\/gym-artistique-masculine\/#primaryimage\"},\"image\":{\"@id\":\"https:\/\/st-vincent-sport.fr\/home\/gym-artistique-masculine\/#primaryimage\"},\"thumbnailUrl\":\"https:\/\/st-vincent-sport.fr\/home\/wp-content\/uploads\/2023\/06\/wp9e230ac6_06.png\",\"datePublished\":\"2023-06-15T10:02:19+00:00\",\"dateModified\":\"2025-12-03T19:12:24+00:00\",\"inLanguage\":\"fr-FR\",\"potentialAction\":[{\"@type\":\"ReadAction\",\"target\":[\"https:\/\/st-vincent-sport.fr\/home\/gym-artistique-masculine\/\"]}]},{\"@type\":\"ImageObject\",\"inLanguage\":\"fr-FR\",\"@id\":\"https:\/\/st-vincent-sport.fr\/home\/gym-artistique-masculine\/#primaryimage\",\"url\":\"https:\/\/st-vincent-sport.fr\/home\/wp-content\/uploads\/2023\/06\/wp9e230ac6_06.png\",\"contentUrl\":\"https:\/\/st-vincent-sport.fr\/home\/wp-content\/uploads\/2023\/06\/wp9e230ac6_06.png\",\"width\":348,\"height\":219},{\"@type\":\"WebSite\",\"@id\":\"https:\/\/st-vincent-sport.fr\/home\/#website\",\"url\":\"https:\/\/st-vincent-sport.fr\/home\/\",\"name\":\"Saint Vincent Sports et Culture f\u00eate ses 140 ans\",\"description\":\"\",\"publisher\":{\"@id\":\"https:\/\/st-vincent-sport.fr\/home\/#organization\"},\"potentialAction\":[{\"@type\":\"SearchAction\",\"target\":{\"@type\":\"EntryPoint\",\"urlTemplate\":\"https:\/\/st-vincent-sport.fr\/home\/?s={search_term_string}\"},\"query-input\":\"required name=search_term_string\"}],\"inLanguage\":\"fr-FR\"},{\"@type\":\"Organization\",\"@id\":\"https:\/\/st-vincent-sport.fr\/home\/#organization\",\"name\":\"Saint Vincent Sports et Culture f\u00eate ses 140 ans\",\"url\":\"https:\/\/st-vincent-sport.fr\/home\/\",\"logo\":{\"@type\":\"ImageObject\",\"inLanguage\":\"fr-FR\",\"@id\":\"https:\/\/st-vincent-sport.fr\/home\/#\/schema\/logo\/image\/\",\"url\":\"https:\/\/st-vincent-sport.fr\/home\/wp-content\/uploads\/2023\/06\/cropped-LOGO-SVSC.png\",\"contentUrl\":\"https:\/\/st-vincent-sport.fr\/home\/wp-content\/uploads\/2023\/06\/cropped-LOGO-SVSC.png\",\"width\":136,\"height\":136,\"caption\":\"Saint Vincent Sports et Culture f\u00eate ses 140 ans\"},\"image\":{\"@id\":\"https:\/\/st-vincent-sport.fr\/home\/#\/schema\/logo\/image\/\"}}]}<\/script>\n<!-- \/ Yoast SEO plugin. -->","yoast_head_json":{"title":"Gym Art. Masculine - Saint Vincent Sports et Culture f\u00eate ses 140 ans","robots":{"index":"index","follow":"follow","max-snippet":"max-snippet:-1","max-image-preview":"max-image-preview:large","max-video-preview":"max-video-preview:-1"},"canonical":"https:\/\/st-vincent-sport.fr\/home\/gym-artistique-masculine\/","og_locale":"fr_FR","og_type":"article","og_title":"Gym Art. Masculine - Saint Vincent Sports et Culture f\u00eate ses 140 ans","og_description":"La gymnastique artistique masculine 6 agr\u00e8s : le sol, le cheval d&rsquo;ar\u00e7on, les anneaux, le saut de cheval, les barres parall\u00e8les et la barre fixe. SVSC participe aux comp\u00e9titions par \u00e9quipes et en individuel \u00e0 l\u2019\u00e9chelon d\u00e9partemental et r\u00e9gional organis\u00e9es par les comit\u00e9s d\u00e9partemental et r\u00e9gional de la FSCF sur des programmes impos\u00e9s \u00e9volutifs (du [&hellip;]","og_url":"https:\/\/st-vincent-sport.fr\/home\/gym-artistique-masculine\/","og_site_name":"Saint Vincent Sports et Culture f\u00eate ses 140 ans","article_modified_time":"2025-12-03T19:12:24+00:00","og_image":[{"url":"https:\/\/st-vincent-sport.fr\/home\/wp-content\/uploads\/2023\/06\/wp9e230ac6_06.png"}],"twitter_misc":{"Dur\u00e9e de lecture estim\u00e9e":"1 minute"},"schema":{"@context":"https:\/\/schema.org","@graph":[{"@type":"WebPage","@id":"https:\/\/st-vincent-sport.fr\/home\/gym-artistique-masculine\/","url":"https:\/\/st-vincent-sport.fr\/home\/gym-artistique-masculine\/","name":"Gym Art. Masculine - Saint Vincent Sports et Culture f\u00eate ses 140 ans","isPartOf":{"@id":"https:\/\/st-vincent-sport.fr\/home\/#website"},"primaryImageOfPage":{"@id":"https:\/\/st-vincent-sport.fr\/home\/gym-artistique-masculine\/#primaryimage"},"image":{"@id":"https:\/\/st-vincent-sport.fr\/home\/gym-artistique-masculine\/#primaryimage"},"thumbnailUrl":"https:\/\/st-vincent-sport.fr\/home\/wp-content\/uploads\/2023\/06\/wp9e230ac6_06.png","datePublished":"2023-06-15T10:02:19+00:00","dateModified":"2025-12-03T19:12:24+00:00","inLanguage":"fr-FR","potentialAction":[{"@type":"ReadAction","target":["https:\/\/st-vincent-sport.fr\/home\/gym-artistique-masculine\/"]}]},{"@type":"ImageObject","inLanguage":"fr-FR","@id":"https:\/\/st-vincent-sport.fr\/home\/gym-artistique-masculine\/#primaryimage","url":"https:\/\/st-vincent-sport.fr\/home\/wp-content\/uploads\/2023\/06\/wp9e230ac6_06.png","contentUrl":"https:\/\/st-vincent-sport.fr\/home\/wp-content\/uploads\/2023\/06\/wp9e230ac6_06.png","width":348,"height":219},{"@type":"WebSite","@id":"https:\/\/st-vincent-sport.fr\/home\/#website","url":"https:\/\/st-vincent-sport.fr\/home\/","name":"Saint Vincent Sports et Culture f\u00eate ses 140 ans","description":"","publisher":{"@id":"https:\/\/st-vincent-sport.fr\/home\/#organization"},"potentialAction":[{"@type":"SearchAction","target":{"@type":"EntryPoint","urlTemplate":"https:\/\/st-vincent-sport.fr\/home\/?s={search_term_string}"},"query-input":"required name=search_term_string"}],"inLanguage":"fr-FR"},{"@type":"Organization","@id":"https:\/\/st-vincent-sport.fr\/home\/#organization","name":"Saint Vincent Sports et Culture f\u00eate ses 140 ans","url":"https:\/\/st-vincent-sport.fr\/home\/","logo":{"@type":"ImageObject","inLanguage":"fr-FR","@id":"https:\/\/st-vincent-sport.fr\/home\/#\/schema\/logo\/image\/","url":"https:\/\/st-vincent-sport.fr\/home\/wp-content\/uploads\/2023\/06\/cropped-LOGO-SVSC.png","contentUrl":"https:\/\/st-vincent-sport.fr\/home\/wp-content\/uploads\/2023\/06\/cropped-LOGO-SVSC.png","width":136,"height":136,"caption":"Saint Vincent Sports et Culture f\u00eate ses 140 ans"},"image":{"@id":"https:\/\/st-vincent-sport.fr\/home\/#\/schema\/logo\/image\/"}}]}},"_links":{"self":[{"href":"https:\/\/st-vincent-sport.fr\/home\/wp-json\/wp\/v2\/pages\/106","targetHints":{"allow":["GET"]}}],"collection":[{"href":"https:\/\/st-vincent-sport.fr\/home\/wp-json\/wp\/v2\/pages"}],"about":[{"href":"https:\/\/st-vincent-sport.fr\/home\/wp-json\/wp\/v2\/types\/page"}],"author":[{"embeddable":true,"href":"https:\/\/st-vincent-sport.fr\/home\/wp-json\/wp\/v2\/users\/1"}],"replies":[{"embeddable":true,"href":"https:\/\/st-vincent-sport.fr\/home\/wp-json\/wp\/v2\/comments?post=106"}],"version-history":[{"count":10,"href":"https:\/\/st-vincent-sport.fr\/home\/wp-json\/wp\/v2\/pages\/106\/revisions"}],"predecessor-version":[{"id":316,"href":"https:\/\/st-vincent-sport.fr\/home\/wp-json\/wp\/v2\/pages\/106\/revisions\/316"}],"wp:attachment":[{"href":"https:\/\/st-vincent-sport.fr\/home\/wp-json\/wp\/v2\/media?parent=106"}],"curies":[{"name":"wp","href":"https:\/\/api.w.org\/{rel}","templated":true}]}}